{"id":930,"date":"2023-05-10T10:11:16","date_gmt":"2023-05-10T09:11:16","guid":{"rendered":"https:\/\/igbce-dorsten-online.de\/?page_id=930"},"modified":"2023-05-10T10:13:58","modified_gmt":"2023-05-10T09:13:58","slug":"dorstener-arbeitnehmerempfang-2023","status":"publish","type":"page","link":"https:\/\/igbce-dorsten-online.de\/?page_id=930","title":{"rendered":"Dorstener Arbeitnehmerempfang 2023"},"content":{"rendered":"\n<p>Im Tisa-Archiv dreht sich bei der knapp zweist\u00fcndigen Podiumsdiskussion am 07.05.2023<br>alles um das Thema Respekt.<br>Dabei geht es auch um den Respekt untereinander \u2013 im Berufsleben und auch in der Freizeit<br>\u201eRespekt \u2013 fairer Umgang, faire Bedingungen, faire Bezahlung\u201c war der Leitgedanke des Dorstener<br>Arbeitnehmerempfangs, zu dem der Deutsche Gewerkschaftsbund (DGB), die <strong>Industriegewerkschaft<br>Bergbau, Chemie und Energie (IGBCE)<\/strong>, die Industriegewerkschaft Bauen-Agrar-Umwelt (IG BAU), die<br>Katholische Arbeitnehmer-Bewegung (KAB), der ev. Kirchenkreis Gladbeck-Bottrop-Dorsten, die<br>komba gewerkschaft, die Vereinte Dienstleistungsgewerkschaft (Ver.di), die Gewerkschaft der Polizei<br>(GdP) und die Stadt Dorsten am Sonntag in die gro\u00dfe Halle des Tisa-Archivs an der F\u00fcrst-Leopold-<br>Allee eingeladen hatten.<br>Der Vorsitzende der Tisa-Stiftung, Altb\u00fcrgermeister Lambert L\u00fctkenhorst, begr\u00fc\u00dfte die rund 50 G\u00e4ste<br>herzlich in den R\u00e4umlichkeiten des Archivs, das weit mehr als nur ein Archiv ist, und erz\u00e4hlte auch<br>aus dem Leben und vom Wirken der K\u00fcnstlerin und Ordensfrau Tisa von der Schulenburg, die Antrieb<br>und Motivation f\u00fcr ihr k\u00fcnstlerisches Schaffen auch aus der Solidarit\u00e4t mit und dem Respekt<br>gegen\u00fcber den Bergleuten der Region gewann.<br>Mark Rosendahl, Regionsgesch\u00e4ftsf\u00fchrer des DGB, fand ebenfalls einleitende Worte, bevor die<br>Podiumsdiskussion unter der Leitung von Dr. Hans Hubbertz, der Pfarrer im evangelischen<br>Kirchenkreis Gladbeck, Bottrop, Dorsten ist, begann.<br>Mark Rosendahl schilderte, dass der Druck auf viele Arbeitnehmerinnen und Arbeitnehmer extrem<br>zugenommen hat. Mit Blick auf die Diskussion um die Anhebung des Renteneintrittsalters betonte er,<br>dass Menschen doch keine \u201eMaschinen\u201c sind, die man einfach so ein paar Jahre l\u00e4nger betreiben<br>k\u00f6nne. Er sprach von einer Vielzahl an \u00dcberlastungsanzeigen in Unternehmen, von chronischen<br>Ersch\u00f6pfungszust\u00e4nden, gar von Depressionen. Wo bleibt hier der Respekt vor diesen Menschen?<br>Um vielschichtige Respektlosigkeiten ging es dann in der Podiumsdiskussion, zu der Dr. Hans<br>Hubbertz vier G\u00e4ste begr\u00fc\u00dfte: Thorsten Schadwinkel (Ver.di, Feuerwehr), Norbert Sperling<br>(Kreisvorsitzender der GDP), Angelika Sczesny (IG BAU sowie DGB-Stadtverbandsvorsitzende) sowie<br>Brigitte St\u00fcwe (K\u00fcnstlerin des Dorstener Respekt-Kunstwerks).<br>Ereignisse wie in der vergangenen Silvesternacht haben einmal mehr gezeigt, dass auch der Respekt<br>vor Einsatzkr\u00e4ften abnimmt. Vor allem in einigen Gro\u00dfst\u00e4dten sind Kr\u00e4fte von Feuerwehr und Polizei<br>in Eins\u00e4tzen erneut t\u00e4tlich angegriffen worden. Thorsten Schadwinkel und Norbert Sperling gaben<br>interessante Einblicke in ihren Berufsalltag. Als \u201egrenzwertig\u201c bezeichnete Thorsten Schadwinkel, der<br>bei der Feuerwehr in Dorsten t\u00e4tig ist, so manche Schicht. Dabei gehe es zumeist gar nicht um<br>k\u00f6rperliche Gewalt. Verbale Entgleisungen, falsche Notrufe oder pures Ignorieren von Anweisungen<br>an Unfallorten geh\u00f6re beinahe zur Tagesordnung. Norbert Sperling kn\u00fcpfte an die Ausf\u00fchrungen an<br>und schilderte Eins\u00e4tze der Polizei im von Klima-Aktivisten besetzten Braunkohleort L\u00fctzerath.<br>Norbert Sperling sprach von Bildern, die so ersch\u00fctternd sind, dass man das Geschehene nicht<br>wiedergeben m\u00f6chte. An dem hochinteressanten Austausch beteiligten sich auch die G\u00e4ste, die gemeinsam mit dem Podium durchaus kontrovers, aber eben zu jeder Zeit respektvoll, spannenden Frage auf den Grund gingen: Warum nimmt der Respekt generell ab? Welche Rolle spielt die Erziehung? Und was haben die Medien, allen voran die Sozialen Medien, damit zu tun? Und was k\u00f6nnen wir gemeinsam tun, um das Miteinander zu st\u00e4rken und zu verbessern?<br>Brigitte St\u00fcwe hat das Respekt-Kunstwerk an der Ecke Marler Stra\u00dfe\/H\u00e4ndelstra\u00dfe im Stadtsfeld<br>entworfen, das leider einige Male zerst\u00f6rt worden ist. Wer ihr Kunstwerk zerst\u00f6rt hat und warum es<br>zerst\u00f6rt wurde, wei\u00df sie nicht. Demnach kann sie \u00fcber die Gr\u00fcnde auch nur spekulieren. Brigitte<br>St\u00fcwe betonte, dass es ihr enorm wichtig ist, das Projekt mit zahlreichen gedruckten Respekt-<br>Bannern, die im gesamten Stadtgebiet h\u00e4ngen, zu verbreiten.<br>Angelika Sczesny ist als Reinigungsfachkraft auch in Schulen t\u00e4tig. \u201eWas wir erleben m\u00fcssen, schl\u00e4gt<br>dem Fass den Boden aus\u201c, sagte sie und erg\u00e4nzte: \u201eRespekt f\u00e4ngt zu Hause in der Erziehung an.\u201c<br>Hier, sagt sie, sind in erster Linie die Elternh\u00e4user gefordert. Die DGB-Sprecherin berichtete auch von<br>zum Teil verheerenden, respektlosen Arbeitsbedingungen.<br>Das Schlusswort hatte B\u00fcrgermeister Tobias Stockhoff, der sich herzlich bedankte und die<br>Gelegenheit nutzte, f\u00fcr den Dorstener Stadtdialog f\u00fcr Menschenw\u00fcrde, Demokratie und Respekt zu<br>werben. Der Erkl\u00e4rung liegt die Absicht zu Grunde, die Werte unseres demokratischen<br>Zusammenlebens so zusammenzufassen, dass sie einen Anreiz f\u00fcr m\u00f6glichst viele B\u00fcrgerinnen und<br>B\u00fcrger darstellen, sich f\u00fcr die Werte pers\u00f6nlich einzusetzen.<br>Alle weiteren Infos zum Dorstener Stadtdialog f\u00fcr Menschenw\u00fcrde, Demokratie und Respekt<br>http:\/\/www.dorsten.de\/stadtdialog<br>Stadt Dorsten Pressestelle &#8211; Postfach 210265 &#8211; 46269 Dorsten<br>Pressesprecher Ludger B\u00f6hne &#8211; Telefon 02362 66-34 71 &#8211; Telefax 02362 66-57 12<br>Internet www.dorsten.de E-Mail: pressestelle@dorsten.de <a href=\"mailto:pressestelle@dorsten.de\"><\/a><a href=\"http:\/\/www.dorsten.de\/\"><\/a><\/p>\n\n\n\n<p><canvas width=\"993\" height=\"1404\"><\/canvas>interessante Einblicke in ihren Berufsalltag. Als \u201egrenzwertig\u201c bezeichnete Thorsten Schadwinkel, der<br>bei der Feuerwehr in Dorsten t\u00e4tig ist, so manche Schicht. Dabei gehe es zumeist gar nicht um<br>k\u00f6rperliche Gewalt. Verbale Entgleisungen, falsche Notrufe oder pures Ignorieren von Anweisungen<br>an Unfallorten geh\u00f6re beinahe zur Tagesordnung. Norbert Sperling kn\u00fcpfte an die Ausf\u00fchrungen an<br>und schilderte Eins\u00e4tze der Polizei im von Klima-Aktivisten besetzten Braunkohleort L\u00fctzerath.<br>Norbert Sperling sprach von Bildern, die so ersch\u00fctternd sind, dass man das Geschehene nicht<br>wiedergeben m\u00f6chte. .<br>An dem hochinteressanten Austausch beteiligten sich auch die G\u00e4ste, die gemeinsam mit dem<br>Podium durchaus kontrovers, aber eben zu jeder Zeit respektvoll, spannenden Frage auf den Grund<br>gingen: Warum nimmt der Respekt generell ab? Welche Rolle spielt die Erziehung? Und was haben<br>die Medien, allen voran die Sozialen Medien, damit zu tun? Und was k\u00f6nnen wir gemeinsam tun, um<br>das Miteinander zu st\u00e4rken und zu verbessern?<br>Brigitte St\u00fcwe hat das Respekt-Kunstwerk an der Ecke Marler Stra\u00dfe\/H\u00e4ndelstra\u00dfe im Stadtsfeld<br>entworfen, das leider einige Male zerst\u00f6rt worden ist. Wer ihr Kunstwerk zerst\u00f6rt hat und warum es<br>zerst\u00f6rt wurde, wei\u00df sie nicht. Demnach kann sie \u00fcber die Gr\u00fcnde auch nur spekulieren. Brigitte<br>St\u00fcwe betonte, dass es ihr enorm wichtig ist, das Projekt mit zahlreichen gedruckten Respekt-<br>Bannern, die im gesamten Stadtgebiet h\u00e4ngen, zu verbreiten.<br>Angelika Sczesny ist als Reinigungsfachkraft auch in Schulen t\u00e4tig. \u201eWas wir erleben m\u00fcssen, schl\u00e4gt<br>dem Fass den Boden aus\u201c, sagte sie und erg\u00e4nzte: \u201eRespekt f\u00e4ngt zu Hause in der Erziehung an.\u201c<br>Hier, sagt sie, sind in erster Linie die Elternh\u00e4user gefordert. Die DGB-Sprecherin berichtete auch von<br>zum Teil verheerenden, respektlosen Arbeitsbedingungen.<br>Das Schlusswort hatte B\u00fcrgermeister Tobias Stockhoff, der sich herzlich bedankte und die<br>Gelegenheit nutzte, f\u00fcr den Dorstener Stadtdialog f\u00fcr Menschenw\u00fcrde, Demokratie und Respekt zu<br>werben. Der Erkl\u00e4rung liegt die Absicht zu Grunde, die Werte unseres demokratischen<br>Zusammenlebens so zusammenzufassen, dass sie einen Anreiz f\u00fcr m\u00f6glichst viele B\u00fcrgerinnen und<br>B\u00fcrger darstellen, sich f\u00fcr die Werte pers\u00f6nlich einzusetzen.<br>Alle weiteren Infos zum Dorstener Stadtdialog f\u00fcr Menschenw\u00fcrde, Demokratie und Respekt:<\/p>\n","protected":false},"excerpt":{"rendered":"<p>Im Tisa-Archiv dreht sich bei der knapp zweist\u00fcndigen Podiumsdiskussion am 07.05.2023alles um das Thema Respekt.Dabei geht es auch um den Respekt untereinander \u2013 im Berufsleben und auch in der Freizeit\u201eRespekt [&hellip;]<\/p>\n","protected":false},"author":1,"featured_media":0,"parent":0,"menu_order":0,"comment_status":"closed","ping_status":"closed","template":"","meta":{"footnotes":""},"class_list":["post-930","page","type-page","status-publish","hentry"],"_links":{"self":[{"href":"https:\/\/igbce-dorsten-online.de\/index.php?rest_route=\/wp\/v2\/pages\/930","targetHints":{"allow":["GET"]}}],"collection":[{"href":"https:\/\/igbce-dorsten-online.de\/index.php?rest_route=\/wp\/v2\/pages"}],"about":[{"href":"https:\/\/igbce-dorsten-online.de\/index.php?rest_route=\/wp\/v2\/types\/page"}],"author":[{"embeddable":true,"href":"https:\/\/igbce-dorsten-online.de\/index.php?rest_route=\/wp\/v2\/users\/1"}],"replies":[{"embeddable":true,"href":"https:\/\/igbce-dorsten-online.de\/index.php?rest_route=%2Fwp%2Fv2%2Fcomments&post=930"}],"version-history":[{"count":3,"href":"https:\/\/igbce-dorsten-online.de\/index.php?rest_route=\/wp\/v2\/pages\/930\/revisions"}],"predecessor-version":[{"id":935,"href":"https:\/\/igbce-dorsten-online.de\/index.php?rest_route=\/wp\/v2\/pages\/930\/revisions\/935"}],"wp:attachment":[{"href":"https:\/\/igbce-dorsten-online.de\/index.php?rest_route=%2Fwp%2Fv2%2Fmedia&parent=930"}],"curies":[{"name":"wp","href":"https:\/\/api.w.org\/{rel}","templated":true}]}}