{"id":544,"date":"2022-05-25T17:20:50","date_gmt":"2022-05-25T16:20:50","guid":{"rendered":"https:\/\/igbce-dorsten-online.de\/?page_id=544"},"modified":"2022-11-01T14:28:48","modified_gmt":"2022-11-01T13:28:48","slug":"jubilahrehrungen-in-2022","status":"publish","type":"page","link":"https:\/\/igbce-dorsten-online.de\/?page_id=544","title":{"rendered":"Jubilahrehrungen in 2022"},"content":{"rendered":"\n<p>In der Gastst\u00e4tte Einhaus fand am 15. Mai eine Jubilahrehrung statt.<br>Eingeladen zu dieser Ehrung waren die Kolleginnen und Kollegen aus der ehemaligen Ortsgruppe Hervest, die im Jahr 2020 ihr Jubil\u00e4um hatten. Dadurch das die Ortsgruppe Hervest sich aufgel\u00f6st hatte und es doch etwas l\u00e4nger gedauert hatte, bis der Zusammenschluss zur Ortsgruppe &#8222;Dorsten&#8220; erledigt war, konnten erst jetzt diese Kolleginnen und Kollegen mit einer Feier offiziell geehrt werden.<\/p>\n\n\n\n<div class=\"wp-block-columns is-layout-flex wp-container-core-columns-is-layout-28f84493 wp-block-columns-is-layout-flex\">\n<div class=\"wp-block-column is-layout-flow wp-block-column-is-layout-flow\">\n<p style=\"font-size:18px\">Die Ansprachen und die Ehrungen wurden durch unseren 1. Vorsitzenden Dieter B\u00f6ttger, Michael Bartz vom Bezirk Recklinghausen und unserem B\u00fcrgermeister Tobias Stockhoff vorgenommen.<\/p>\n<\/div>\n\n\n\n<div class=\"wp-block-column is-layout-flow wp-block-column-is-layout-flow\">\n<figure class=\"wp-block-image size-large is-resized is-style-default\"><img loading=\"lazy\" decoding=\"async\" src=\"https:\/\/igbce-dorsten-online.de\/wp-content\/uploads\/2022\/05\/Festredner-598x1024.jpg\" alt=\"\" class=\"wp-image-550\" width=\"215\" height=\"369\" srcset=\"https:\/\/igbce-dorsten-online.de\/wp-content\/uploads\/2022\/05\/Festredner-598x1024.jpg 598w, https:\/\/igbce-dorsten-online.de\/wp-content\/uploads\/2022\/05\/Festredner-175x300.jpg 175w, https:\/\/igbce-dorsten-online.de\/wp-content\/uploads\/2022\/05\/Festredner-768x1314.jpg 768w, https:\/\/igbce-dorsten-online.de\/wp-content\/uploads\/2022\/05\/Festredner-898x1536.jpg 898w, https:\/\/igbce-dorsten-online.de\/wp-content\/uploads\/2022\/05\/Festredner-1197x2048.jpg 1197w, https:\/\/igbce-dorsten-online.de\/wp-content\/uploads\/2022\/05\/Festredner-scaled.jpg 1496w\" sizes=\"auto, (max-width: 215px) 100vw, 215px\" \/><\/figure>\n<\/div>\n\n\n\n<div class=\"wp-block-column is-layout-flow wp-block-column-is-layout-flow\">\n<figure class=\"wp-block-image size-large is-resized is-style-default\"><img loading=\"lazy\" decoding=\"async\" src=\"https:\/\/igbce-dorsten-online.de\/wp-content\/uploads\/2022\/05\/Bild_2022-05-25_181611441-669x1024.png\" alt=\"\" class=\"wp-image-551\" width=\"207\" height=\"315\"\/><\/figure>\n<\/div>\n\n\n\n<div class=\"wp-block-column is-layout-flow wp-block-column-is-layout-flow\">\n<p style=\"font-size:18px\">F\u00fcr den Musikalischen Rahmen sorge DJ Sven<\/p>\n<\/div>\n<\/div>\n\n\n\n<div class=\"wp-block-columns is-layout-flex wp-container-core-columns-is-layout-28f84493 wp-block-columns-is-layout-flex\">\n<div class=\"wp-block-column is-layout-flow wp-block-column-is-layout-flow\"><div class=\"wp-block-image is-style-rounded\">\n<figure class=\"aligncenter size-full is-resized\"><img loading=\"lazy\" decoding=\"async\" src=\"https:\/\/igbce-dorsten-online.de\/wp-content\/uploads\/2022\/05\/Gruppenbild-Jubilare-Hervest-1024x768-1-e1653494384291.jpg\" alt=\"\" class=\"wp-image-547\" width=\"402\" height=\"301\"\/><figcaption>Gruppenbild Jubilare am 15. Mai<\/figcaption><\/figure>\n<\/div><\/div>\n\n\n\n<div class=\"wp-block-column is-layout-flow wp-block-column-is-layout-flow\"><div class=\"wp-block-image is-style-rounded\">\n<figure class=\"aligncenter size-large\"><img loading=\"lazy\" decoding=\"async\" width=\"1024\" height=\"768\" src=\"https:\/\/igbce-dorsten-online.de\/wp-content\/uploads\/2022\/05\/Sitter-70-Jahre-Mitglied-1024x768.jpg\" alt=\"\" class=\"wp-image-546\" srcset=\"https:\/\/igbce-dorsten-online.de\/wp-content\/uploads\/2022\/05\/Sitter-70-Jahre-Mitglied-1024x768.jpg 1024w, https:\/\/igbce-dorsten-online.de\/wp-content\/uploads\/2022\/05\/Sitter-70-Jahre-Mitglied-300x225.jpg 300w, https:\/\/igbce-dorsten-online.de\/wp-content\/uploads\/2022\/05\/Sitter-70-Jahre-Mitglied-768x576.jpg 768w, https:\/\/igbce-dorsten-online.de\/wp-content\/uploads\/2022\/05\/Sitter-70-Jahre-Mitglied-1536x1152.jpg 1536w, https:\/\/igbce-dorsten-online.de\/wp-content\/uploads\/2022\/05\/Sitter-70-Jahre-Mitglied-2048x1536.jpg 2048w\" sizes=\"auto, (max-width: 1024px) 100vw, 1024px\" \/><figcaption>70 Jahre IGBCE Ewald Sitter<\/figcaption><\/figure>\n<\/div><\/div>\n<\/div>\n\n\n\n<div class=\"wp-block-group\"><div class=\"wp-block-group__inner-container is-layout-flow wp-block-group-is-layout-flow\">\n<p><\/p>\n<\/div><\/div>\n\n\n\n<p>Nach einem gemeinsamen Essen brachte unser \u00dcberraschungsgast Ruud mit seiner Comedy-Show viel Stimmung in den Saal.<\/p>\n\n\n\n<div class=\"wp-block-columns is-layout-flex wp-container-core-columns-is-layout-28f84493 wp-block-columns-is-layout-flex\">\n<div class=\"wp-block-column is-layout-flow wp-block-column-is-layout-flow\" style=\"flex-basis:25%\">\n<figure class=\"wp-block-image size-large is-style-rounded\"><img loading=\"lazy\" decoding=\"async\" width=\"768\" height=\"1024\" src=\"https:\/\/igbce-dorsten-online.de\/wp-content\/uploads\/2022\/05\/IMG_20220514_200809-768x1024.jpg\" alt=\"\" class=\"wp-image-557\" srcset=\"https:\/\/igbce-dorsten-online.de\/wp-content\/uploads\/2022\/05\/IMG_20220514_200809-768x1024.jpg 768w, https:\/\/igbce-dorsten-online.de\/wp-content\/uploads\/2022\/05\/IMG_20220514_200809-225x300.jpg 225w, https:\/\/igbce-dorsten-online.de\/wp-content\/uploads\/2022\/05\/IMG_20220514_200809-1152x1536.jpg 1152w, https:\/\/igbce-dorsten-online.de\/wp-content\/uploads\/2022\/05\/IMG_20220514_200809-1536x2048.jpg 1536w, https:\/\/igbce-dorsten-online.de\/wp-content\/uploads\/2022\/05\/IMG_20220514_200809-scaled.jpg 1920w\" sizes=\"auto, (max-width: 768px) 100vw, 768px\" \/><\/figure>\n<\/div>\n\n\n\n<div class=\"wp-block-column is-layout-flow wp-block-column-is-layout-flow\" style=\"flex-basis:50%\">\n<figure class=\"wp-block-video\"><video height=\"1080\" style=\"aspect-ratio: 1920 \/ 1080;\" width=\"1920\" controls src=\"https:\/\/igbce-dorsten-online.de\/wp-content\/uploads\/2022\/05\/VID_20220514_202704.mp4\"><\/video><\/figure>\n<\/div>\n\n\n\n<div class=\"wp-block-column is-layout-flow wp-block-column-is-layout-flow\" style=\"flex-basis:25%\">\n<figure class=\"wp-block-image size-large is-style-rounded\"><img loading=\"lazy\" decoding=\"async\" width=\"768\" height=\"1024\" src=\"https:\/\/igbce-dorsten-online.de\/wp-content\/uploads\/2022\/05\/IMG_20220514_200712-768x1024.jpg\" alt=\"\" class=\"wp-image-556\" srcset=\"https:\/\/igbce-dorsten-online.de\/wp-content\/uploads\/2022\/05\/IMG_20220514_200712-768x1024.jpg 768w, https:\/\/igbce-dorsten-online.de\/wp-content\/uploads\/2022\/05\/IMG_20220514_200712-225x300.jpg 225w, https:\/\/igbce-dorsten-online.de\/wp-content\/uploads\/2022\/05\/IMG_20220514_200712-1152x1536.jpg 1152w, https:\/\/igbce-dorsten-online.de\/wp-content\/uploads\/2022\/05\/IMG_20220514_200712-1536x2048.jpg 1536w, https:\/\/igbce-dorsten-online.de\/wp-content\/uploads\/2022\/05\/IMG_20220514_200712-scaled.jpg 1920w\" sizes=\"auto, (max-width: 768px) 100vw, 768px\" \/><\/figure>\n<\/div>\n<\/div>\n\n\n\n<hr class=\"wp-block-separator has-alpha-channel-opacity\"\/>\n\n\n\n<p class=\"has-text-align-center\"><strong>In der Gastst\u00e4tte Einhaus fand am 27. August eine weitere Jubilahrehrung statt.<\/strong><br>Die Ansprachen und die Ehrungen wurden durch unseren 1. Vorsitzenden Dieter B\u00f6ttger, Karlheinz Auerhahn IGBCE Bezirksleiter Recklinghausen und unserem B\u00fcrgermeister Tobias Stockhoff vorgenommen.<\/p>\n\n\n\n<div class=\"wp-block-group\"><div class=\"wp-block-group__inner-container is-layout-flow wp-block-group-is-layout-flow\">\n<div class=\"wp-block-columns is-layout-flex wp-container-core-columns-is-layout-28f84493 wp-block-columns-is-layout-flex\">\n<div class=\"wp-block-column is-layout-flow wp-block-column-is-layout-flow\" style=\"flex-basis:100%\">\n<div class=\"wp-block-columns is-layout-flex wp-container-core-columns-is-layout-28f84493 wp-block-columns-is-layout-flex\">\n<div class=\"wp-block-column is-layout-flow wp-block-column-is-layout-flow\" style=\"flex-basis:25%\">\n<figure class=\"wp-block-image size-large is-resized is-style-rounded\"><img loading=\"lazy\" decoding=\"async\" src=\"https:\/\/igbce-dorsten-online.de\/wp-content\/uploads\/2022\/09\/IMG_20220827_174156-1-622x1024.jpg\" alt=\"\" class=\"wp-image-637\" width=\"186\" height=\"305\" srcset=\"https:\/\/igbce-dorsten-online.de\/wp-content\/uploads\/2022\/09\/IMG_20220827_174156-1-622x1024.jpg 622w, https:\/\/igbce-dorsten-online.de\/wp-content\/uploads\/2022\/09\/IMG_20220827_174156-1-768x1265.jpg 768w, https:\/\/igbce-dorsten-online.de\/wp-content\/uploads\/2022\/09\/IMG_20220827_174156-1-933x1536.jpg 933w, https:\/\/igbce-dorsten-online.de\/wp-content\/uploads\/2022\/09\/IMG_20220827_174156-1-1244x2048.jpg 1244w, https:\/\/igbce-dorsten-online.de\/wp-content\/uploads\/2022\/09\/IMG_20220827_174156-1-scaled.jpg 1555w\" sizes=\"auto, (max-width: 186px) 100vw, 186px\" \/><figcaption>IGBCE Bezirksleiter<br>Karlheinz Auerhahn<\/figcaption><\/figure>\n<\/div>\n\n\n\n<div class=\"wp-block-column is-layout-flow wp-block-column-is-layout-flow\" style=\"flex-basis:50%\">\n<figure class=\"wp-block-image size-large is-resized\"><img loading=\"lazy\" decoding=\"async\" src=\"https:\/\/igbce-dorsten-online.de\/wp-content\/uploads\/2022\/09\/Gruppenbild-27.08-1024x768.jpg\" alt=\"\" class=\"wp-image-630\" width=\"407\" height=\"305\"\/><figcaption>Gruppenbild 27.08.2022<\/figcaption><\/figure>\n<\/div>\n\n\n\n<div class=\"wp-block-column is-layout-flow wp-block-column-is-layout-flow\" style=\"flex-basis:25%\">\n<figure class=\"wp-block-image size-large is-resized is-style-rounded\"><img loading=\"lazy\" decoding=\"async\" src=\"https:\/\/igbce-dorsten-online.de\/wp-content\/uploads\/2022\/09\/IMG_20220827_172915-616x1024.jpg\" alt=\"\" class=\"wp-image-634\" width=\"181\" height=\"301\" srcset=\"https:\/\/igbce-dorsten-online.de\/wp-content\/uploads\/2022\/09\/IMG_20220827_172915-616x1024.jpg 616w, https:\/\/igbce-dorsten-online.de\/wp-content\/uploads\/2022\/09\/IMG_20220827_172915-181x300.jpg 181w, https:\/\/igbce-dorsten-online.de\/wp-content\/uploads\/2022\/09\/IMG_20220827_172915-768x1276.jpg 768w, https:\/\/igbce-dorsten-online.de\/wp-content\/uploads\/2022\/09\/IMG_20220827_172915-924x1536.jpg 924w, https:\/\/igbce-dorsten-online.de\/wp-content\/uploads\/2022\/09\/IMG_20220827_172915-1232x2048.jpg 1232w, https:\/\/igbce-dorsten-online.de\/wp-content\/uploads\/2022\/09\/IMG_20220827_172915-scaled.jpg 1541w\" sizes=\"auto, (max-width: 181px) 100vw, 181px\" \/><figcaption>B\u00fcrgermeister<br>Tobias Stockhoff<\/figcaption><\/figure>\n<\/div>\n<\/div>\n\n\n\n<p class=\"has-text-align-center\">F\u00fcr die Unterhaltung sorgten, Klaus und Willy mit der Musik, die Tanzgruppe der TSG Dorsten<br>und Ruud mit seiner Comedy-Show<\/p>\n<\/div>\n<\/div>\n<\/div><\/div>\n\n\n\n<div class=\"wp-block-columns is-layout-flex wp-container-core-columns-is-layout-28f84493 wp-block-columns-is-layout-flex\">\n<div class=\"wp-block-column is-layout-flow wp-block-column-is-layout-flow\">\n<figure class=\"wp-block-image size-large is-resized is-style-rounded\"><img loading=\"lazy\" decoding=\"async\" src=\"https:\/\/igbce-dorsten-online.de\/wp-content\/uploads\/2022\/09\/IMG_20220827_202022-763x1024.jpg\" alt=\"\" class=\"wp-image-639\" width=\"237\" height=\"318\" srcset=\"https:\/\/igbce-dorsten-online.de\/wp-content\/uploads\/2022\/09\/IMG_20220827_202022-763x1024.jpg 763w, https:\/\/igbce-dorsten-online.de\/wp-content\/uploads\/2022\/09\/IMG_20220827_202022-223x300.jpg 223w, https:\/\/igbce-dorsten-online.de\/wp-content\/uploads\/2022\/09\/IMG_20220827_202022-768x1031.jpg 768w, https:\/\/igbce-dorsten-online.de\/wp-content\/uploads\/2022\/09\/IMG_20220827_202022-1144x1536.jpg 1144w, https:\/\/igbce-dorsten-online.de\/wp-content\/uploads\/2022\/09\/IMG_20220827_202022-1525x2048.jpg 1525w, https:\/\/igbce-dorsten-online.de\/wp-content\/uploads\/2022\/09\/IMG_20220827_202022-scaled.jpg 1907w\" sizes=\"auto, (max-width: 237px) 100vw, 237px\" \/><figcaption>Ruud Comedy-Show<\/figcaption><\/figure>\n<\/div>\n\n\n\n<div class=\"wp-block-column is-layout-flow wp-block-column-is-layout-flow\">\n<figure class=\"wp-block-image size-full is-resized\"><img loading=\"lazy\" decoding=\"async\" src=\"https:\/\/igbce-dorsten-online.de\/wp-content\/uploads\/2022\/09\/Screenshot-2022-09-11-162804.jpg\" alt=\"\" class=\"wp-image-640\" width=\"262\" height=\"281\" srcset=\"https:\/\/igbce-dorsten-online.de\/wp-content\/uploads\/2022\/09\/Screenshot-2022-09-11-162804.jpg 523w, https:\/\/igbce-dorsten-online.de\/wp-content\/uploads\/2022\/09\/Screenshot-2022-09-11-162804-279x300.jpg 279w\" sizes=\"auto, (max-width: 262px) 100vw, 262px\" \/><figcaption>Tanzgruppe der TSG Dorsten<\/figcaption><\/figure>\n<\/div>\n\n\n\n<div class=\"wp-block-column is-layout-flow wp-block-column-is-layout-flow\">\n<figure class=\"wp-block-image size-large is-resized is-style-rounded\"><img loading=\"lazy\" decoding=\"async\" src=\"https:\/\/igbce-dorsten-online.de\/wp-content\/uploads\/2022\/09\/IMG_20220827_180919-699x1024.jpg\" alt=\"\" class=\"wp-image-642\" width=\"213\" height=\"312\" srcset=\"https:\/\/igbce-dorsten-online.de\/wp-content\/uploads\/2022\/09\/IMG_20220827_180919-699x1024.jpg 699w, https:\/\/igbce-dorsten-online.de\/wp-content\/uploads\/2022\/09\/IMG_20220827_180919-205x300.jpg 205w, https:\/\/igbce-dorsten-online.de\/wp-content\/uploads\/2022\/09\/IMG_20220827_180919-768x1126.jpg 768w, https:\/\/igbce-dorsten-online.de\/wp-content\/uploads\/2022\/09\/IMG_20220827_180919-1048x1536.jpg 1048w, https:\/\/igbce-dorsten-online.de\/wp-content\/uploads\/2022\/09\/IMG_20220827_180919-1397x2048.jpg 1397w, https:\/\/igbce-dorsten-online.de\/wp-content\/uploads\/2022\/09\/IMG_20220827_180919-scaled.jpg 1747w\" sizes=\"auto, (max-width: 213px) 100vw, 213px\" \/><figcaption>Klaus und Willy<\/figcaption><\/figure>\n<\/div>\n<\/div>\n\n\n\n<hr class=\"wp-block-separator has-alpha-channel-opacity is-style-wide\"\/>\n\n\n\n<p class=\"has-text-align-center\"><span style=\"color:#cf2e2e\" class=\"tadv-color\"><strong>Am 15. Oktober 2022 fand in der Gastst\u00e4tte &#8222;Deutsches Eck&#8220; unser 3. Jubilar-Ehrung statt.<br><\/strong><\/span>Nach der Ehrung der Jubilare durch unserem Vorsitzenden Dieter B\u00f6ttger und den Ehreng\u00e4sten Michael Bartz und Achim Schrecklein, sorgte die Tanzgruppe der TSG Dorsten f\u00fcr Unterhaltung.<br>Nach dem ausgiebigen Essen, haben unsere beiden Musikgruppen f\u00fcr beste Stimmung gesorgt.<\/p>\n\n\n\n<div class=\"wp-block-columns is-layout-flex wp-container-core-columns-is-layout-28f84493 wp-block-columns-is-layout-flex\">\n<div class=\"wp-block-column is-layout-flow wp-block-column-is-layout-flow\" style=\"flex-basis:100%\">\n<div class=\"wp-block-columns is-layout-flex wp-container-core-columns-is-layout-28f84493 wp-block-columns-is-layout-flex\">\n<div class=\"wp-block-column is-layout-flow wp-block-column-is-layout-flow\">\n<figure class=\"wp-block-image size-large\"><img loading=\"lazy\" decoding=\"async\" width=\"1024\" height=\"768\" src=\"https:\/\/igbce-dorsten-online.de\/wp-content\/uploads\/2022\/11\/Gruppenbild-15.10-1024x768.jpg\" alt=\"\" class=\"wp-image-674\" srcset=\"https:\/\/igbce-dorsten-online.de\/wp-content\/uploads\/2022\/11\/Gruppenbild-15.10-1024x768.jpg 1024w, https:\/\/igbce-dorsten-online.de\/wp-content\/uploads\/2022\/11\/Gruppenbild-15.10-300x225.jpg 300w, https:\/\/igbce-dorsten-online.de\/wp-content\/uploads\/2022\/11\/Gruppenbild-15.10-768x576.jpg 768w, https:\/\/igbce-dorsten-online.de\/wp-content\/uploads\/2022\/11\/Gruppenbild-15.10-1536x1152.jpg 1536w, https:\/\/igbce-dorsten-online.de\/wp-content\/uploads\/2022\/11\/Gruppenbild-15.10-2048x1536.jpg 2048w\" sizes=\"auto, (max-width: 1024px) 100vw, 1024px\" \/><\/figure>\n<\/div>\n\n\n\n<div class=\"wp-block-column is-layout-flow wp-block-column-is-layout-flow\">\n<figure class=\"wp-block-image size-large\"><img loading=\"lazy\" decoding=\"async\" width=\"1024\" height=\"768\" src=\"https:\/\/igbce-dorsten-online.de\/wp-content\/uploads\/2022\/11\/Beide-Bands-1024x768.jpg\" alt=\"\" class=\"wp-image-675\" srcset=\"https:\/\/igbce-dorsten-online.de\/wp-content\/uploads\/2022\/11\/Beide-Bands-1024x768.jpg 1024w, https:\/\/igbce-dorsten-online.de\/wp-content\/uploads\/2022\/11\/Beide-Bands-300x225.jpg 300w, https:\/\/igbce-dorsten-online.de\/wp-content\/uploads\/2022\/11\/Beide-Bands-768x576.jpg 768w, https:\/\/igbce-dorsten-online.de\/wp-content\/uploads\/2022\/11\/Beide-Bands-1536x1152.jpg 1536w, https:\/\/igbce-dorsten-online.de\/wp-content\/uploads\/2022\/11\/Beide-Bands-2048x1536.jpg 2048w\" sizes=\"auto, (max-width: 1024px) 100vw, 1024px\" \/><figcaption>Willy und Klaus mit Migenda and Friends<\/figcaption><\/figure>\n<\/div>\n<\/div>\n<\/div>\n<\/div>\n\n\n\n<div class=\"wp-block-columns is-layout-flex wp-container-core-columns-is-layout-28f84493 wp-block-columns-is-layout-flex\">\n<div class=\"wp-block-column is-layout-flow wp-block-column-is-layout-flow\">\n<p>F\u00fcr die Unterhaltung sorgten, Klaus und Willy mit der Musik, die Tanzgruppe der TSG Dorsten<br>und als H\u00f6hepunkt Rainer Migenda and Friends.<br>Als Festredner waren zu Gast Michael Bartz vom IGBCE Bezirk Recklinghausen und unser stellv. B\u00fcrgermeister Achim Schrecklein.<\/p>\n<\/div>\n\n\n\n<div class=\"wp-block-column is-layout-flow wp-block-column-is-layout-flow\">\n<figure class=\"wp-block-image size-large is-resized\"><img loading=\"lazy\" decoding=\"async\" src=\"https:\/\/igbce-dorsten-online.de\/wp-content\/uploads\/2022\/11\/Tanzgruppe-15-768x1024.jpg\" alt=\"\" class=\"wp-image-676\" width=\"296\" height=\"394\" srcset=\"https:\/\/igbce-dorsten-online.de\/wp-content\/uploads\/2022\/11\/Tanzgruppe-15-768x1024.jpg 768w, https:\/\/igbce-dorsten-online.de\/wp-content\/uploads\/2022\/11\/Tanzgruppe-15-225x300.jpg 225w, https:\/\/igbce-dorsten-online.de\/wp-content\/uploads\/2022\/11\/Tanzgruppe-15-1152x1536.jpg 1152w, https:\/\/igbce-dorsten-online.de\/wp-content\/uploads\/2022\/11\/Tanzgruppe-15-1536x2048.jpg 1536w, https:\/\/igbce-dorsten-online.de\/wp-content\/uploads\/2022\/11\/Tanzgruppe-15-scaled.jpg 1920w\" sizes=\"auto, (max-width: 296px) 100vw, 296px\" \/><figcaption>TSG Tanzgruppe<\/figcaption><\/figure>\n<\/div>\n<\/div>\n\n\n\n<div class=\"wp-block-columns is-layout-flex wp-container-core-columns-is-layout-28f84493 wp-block-columns-is-layout-flex\">\n<div class=\"wp-block-column is-layout-flow wp-block-column-is-layout-flow\">\n<figure class=\"wp-block-image size-large\"><img loading=\"lazy\" decoding=\"async\" width=\"768\" height=\"1024\" src=\"https:\/\/igbce-dorsten-online.de\/wp-content\/uploads\/2022\/11\/Bartz-15-768x1024.jpg\" alt=\"\" class=\"wp-image-677\" srcset=\"https:\/\/igbce-dorsten-online.de\/wp-content\/uploads\/2022\/11\/Bartz-15-768x1024.jpg 768w, https:\/\/igbce-dorsten-online.de\/wp-content\/uploads\/2022\/11\/Bartz-15-225x300.jpg 225w, https:\/\/igbce-dorsten-online.de\/wp-content\/uploads\/2022\/11\/Bartz-15-1152x1536.jpg 1152w, https:\/\/igbce-dorsten-online.de\/wp-content\/uploads\/2022\/11\/Bartz-15-1536x2048.jpg 1536w, https:\/\/igbce-dorsten-online.de\/wp-content\/uploads\/2022\/11\/Bartz-15-scaled.jpg 1920w\" sizes=\"auto, (max-width: 768px) 100vw, 768px\" \/><figcaption>Michael Bartz<\/figcaption><\/figure>\n<\/div>\n\n\n\n<div class=\"wp-block-column is-layout-flow wp-block-column-is-layout-flow\">\n<figure class=\"wp-block-image size-large\"><img loading=\"lazy\" decoding=\"async\" width=\"768\" height=\"1024\" src=\"https:\/\/igbce-dorsten-online.de\/wp-content\/uploads\/2022\/11\/Migenda-2-768x1024.jpg\" alt=\"\" class=\"wp-image-678\" srcset=\"https:\/\/igbce-dorsten-online.de\/wp-content\/uploads\/2022\/11\/Migenda-2-768x1024.jpg 768w, https:\/\/igbce-dorsten-online.de\/wp-content\/uploads\/2022\/11\/Migenda-2-225x300.jpg 225w, https:\/\/igbce-dorsten-online.de\/wp-content\/uploads\/2022\/11\/Migenda-2-1152x1536.jpg 1152w, https:\/\/igbce-dorsten-online.de\/wp-content\/uploads\/2022\/11\/Migenda-2-1536x2048.jpg 1536w, https:\/\/igbce-dorsten-online.de\/wp-content\/uploads\/2022\/11\/Migenda-2-scaled.jpg 1920w\" sizes=\"auto, (max-width: 768px) 100vw, 768px\" \/><figcaption>Rainer Migenda and Friends<\/figcaption><\/figure>\n<\/div>\n\n\n\n<div class=\"wp-block-column is-layout-flow wp-block-column-is-layout-flow\">\n<figure class=\"wp-block-image size-large\"><img loading=\"lazy\" decoding=\"async\" width=\"768\" height=\"1024\" src=\"https:\/\/igbce-dorsten-online.de\/wp-content\/uploads\/2022\/11\/Schrecklein-15-768x1024.jpg\" alt=\"\" class=\"wp-image-679\" srcset=\"https:\/\/igbce-dorsten-online.de\/wp-content\/uploads\/2022\/11\/Schrecklein-15-768x1024.jpg 768w, https:\/\/igbce-dorsten-online.de\/wp-content\/uploads\/2022\/11\/Schrecklein-15-225x300.jpg 225w, https:\/\/igbce-dorsten-online.de\/wp-content\/uploads\/2022\/11\/Schrecklein-15-1152x1536.jpg 1152w, https:\/\/igbce-dorsten-online.de\/wp-content\/uploads\/2022\/11\/Schrecklein-15-1536x2048.jpg 1536w, https:\/\/igbce-dorsten-online.de\/wp-content\/uploads\/2022\/11\/Schrecklein-15-scaled.jpg 1920w\" sizes=\"auto, (max-width: 768px) 100vw, 768px\" \/><figcaption>stellv. B\u00fcrgermeister<br>Achim Schrecklein<\/figcaption><\/figure>\n<\/div>\n<\/div>\n","protected":false},"excerpt":{"rendered":"<p>In der Gastst\u00e4tte Einhaus fand am 15. Mai eine Jubilahrehrung statt.Eingeladen zu dieser Ehrung waren die Kolleginnen und Kollegen aus der ehemaligen Ortsgruppe Hervest, die im Jahr 2020 ihr Jubil\u00e4um [&hellip;]<\/p>\n","protected":false},"author":1,"featured_media":0,"parent":0,"menu_order":0,"comment_status":"closed","ping_status":"closed","template":"","meta":{"footnotes":""},"class_list":["post-544","page","type-page","status-publish","hentry"],"_links":{"self":[{"href":"https:\/\/igbce-dorsten-online.de\/index.php?rest_route=\/wp\/v2\/pages\/544","targetHints":{"allow":["GET"]}}],"collection":[{"href":"https:\/\/igbce-dorsten-online.de\/index.php?rest_route=\/wp\/v2\/pages"}],"about":[{"href":"https:\/\/igbce-dorsten-online.de\/index.php?rest_route=\/wp\/v2\/types\/page"}],"author":[{"embeddable":true,"href":"https:\/\/igbce-dorsten-online.de\/index.php?rest_route=\/wp\/v2\/users\/1"}],"replies":[{"embeddable":true,"href":"https:\/\/igbce-dorsten-online.de\/index.php?rest_route=%2Fwp%2Fv2%2Fcomments&post=544"}],"version-history":[{"count":9,"href":"https:\/\/igbce-dorsten-online.de\/index.php?rest_route=\/wp\/v2\/pages\/544\/revisions"}],"predecessor-version":[{"id":681,"href":"https:\/\/igbce-dorsten-online.de\/index.php?rest_route=\/wp\/v2\/pages\/544\/revisions\/681"}],"wp:attachment":[{"href":"https:\/\/igbce-dorsten-online.de\/index.php?rest_route=%2Fwp%2Fv2%2Fmedia&parent=544"}],"curies":[{"name":"wp","href":"https:\/\/api.w.org\/{rel}","templated":true}]}}