{"id":54,"date":"2021-03-15T18:52:48","date_gmt":"2021-03-15T17:52:48","guid":{"rendered":"https:\/\/igbceortsgruppedorsten.live-website.com\/?page_id=54"},"modified":"2024-12-08T11:44:50","modified_gmt":"2024-12-08T10:44:50","slug":"unser-vorstand","status":"publish","type":"page","link":"https:\/\/igbce-dorsten-online.de\/?page_id=54","title":{"rendered":"Unser Vorstand"},"content":{"rendered":"\n<p><\/p>\n\n\n\n<p><strong>Vorstandswahlen am 28.04.2024<\/strong><br>Die Ortsgruppe Dorsten der Industriegewerkschaft Bergbau Chemie Energie f\u00fchrte am Sonntag, den 28.04.2024 in der Gastst\u00e4tte Adolf Ihre alle vier Jahre stattfindenden Vorstandswahlen durch. Als Versammlungsleiter der gut besuchten Veranstaltung fungierte Michael Bartz, Bezirkssekretar des IG BCE-Bezirks Recklinghausen. Der bisherige Vorsitzende Dieter B\u00f6ttger wurde einstimmig wiedergew\u00e4hlt.<br>Der Vorsitzende Dieter B\u00f6ttger bedankte sich im Namen des gesamten Vorstandes, bei allen bisherigen Vorstandsmitgliedern die nicht mehr f\u00fcr eine Neuwahl zur Verf\u00fcgung standen.<br><\/p>\n\n\n\n<div class=\"wp-block-columns is-layout-flex wp-container-core-columns-is-layout-28f84493 wp-block-columns-is-layout-flex\">\n<div class=\"wp-block-column is-layout-flow wp-block-column-is-layout-flow\" style=\"flex-basis:100%\">\n<p style=\"text-align: center;\"><strong>Mitglieder des Vorstandes sind:<\/strong><\/p>\n<\/div>\n<\/div>\n\n\n\n<figure class=\"wp-block-table\"><table class=\"has-very-light-gray-to-cyan-bluish-gray-gradient-background has-background has-fixed-layout\"><tbody><tr><td class=\"has-text-align-center\" data-align=\"center\"><\/td><td class=\"has-text-align-center\" data-align=\"center\"><strong>Gesch\u00e4ftsf\u00fchrender Vorstand<\/strong><\/td><td class=\"has-text-align-center\" data-align=\"center\"><\/td><\/tr><tr><td class=\"has-text-align-center\" data-align=\"center\"><img loading=\"lazy\" decoding=\"async\" width=\"120\" height=\"151\" class=\"wp-image-459\" style=\"width: 120px;\" src=\"https:\/\/igbce-dorsten-online.de\/wp-content\/uploads\/2022\/04\/Bild-Dieter.jpg\" alt=\"\" srcset=\"https:\/\/igbce-dorsten-online.de\/wp-content\/uploads\/2022\/04\/Bild-Dieter.jpg 408w, https:\/\/igbce-dorsten-online.de\/wp-content\/uploads\/2022\/04\/Bild-Dieter-239x300.jpg 239w\" sizes=\"auto, (max-width: 120px) 100vw, 120px\" \/><br>Vorsitzender:<br>Heinz Dieter B\u00f6ttger<br>Marxstr. 4<br>46284 Dorsten<br>Telefon: 02362-126321<br>dieter.boettger@igbce-dorsten.de<\/td><td class=\"has-text-align-center\" data-align=\"center\"><img loading=\"lazy\" decoding=\"async\" width=\"120\" height=\"120\" class=\"wp-image-385\" style=\"width: 120px;\" src=\"https:\/\/igbce-dorsten-online.de\/wp-content\/uploads\/2022\/03\/IGBCE_Signet21_positiv-e1649091887747.jpg\" alt=\"\"><br>stellv. Vorsitzender:<br>Norbert Volkmer<br><br>46284 Dorsten<br>norbert.volkmer@igbce-dorsten.de<br><\/td><td class=\"has-text-align-center\" data-align=\"center\"><br><img decoding=\"async\" src=\"https:\/\/igbce-dorsten-online.de\/wp-content\/uploads\/2021\/03\/Pelloth-2020-150x150.jpg\" alt=\"\" style=\"width: 120px;\"><br>Kassierer:<br>G\u00fcnter Pelloth<br>H\u00e4ndelstr. 10<br>46282 Dorsten<br>Telefon: 02362-41561<br>pelloth@igbce-dorsten.de<\/td><\/tr><tr><td class=\"has-text-align-center\" data-align=\"center\"><img loading=\"lazy\" decoding=\"async\" width=\"120\" height=\"147\" class=\"wp-image-458\" style=\"width: 120px;\" src=\"https:\/\/igbce-dorsten-online.de\/wp-content\/uploads\/2022\/04\/bild-Tina.jpg\" alt=\"\" srcset=\"https:\/\/igbce-dorsten-online.de\/wp-content\/uploads\/2022\/04\/bild-Tina.jpg 474w, https:\/\/igbce-dorsten-online.de\/wp-content\/uploads\/2022\/04\/bild-Tina-245x300.jpg 245w\" sizes=\"auto, (max-width: 120px) 100vw, 120px\" \/><br>Bildungsobfrau:<br>Bettina B\u00f6ttger<br>Marxstr. 4<br>46284 Dorsten<\/td><td class=\"has-text-align-center\" data-align=\"center\"><img decoding=\"async\" src=\"https:\/\/igbce-dorsten-online.de\/wp-content\/uploads\/2021\/03\/Heidi-Lesch.jpg\" alt=\"\" style=\"width: 120px;\"><br>Schriftf\u00fchrerin:<br>Heidemarie Lesch<br>Hubertusstr. 22<br>46284 Dorsten<\/td><td class=\"has-text-align-center\" data-align=\"center\"><img decoding=\"async\" src=\"https:\/\/igbce-dorsten-online.de\/wp-content\/uploads\/2021\/03\/Bastian-Lesch.jpg\" alt=\"\" style=\"width: 120px;\"><br>Jugendleiter:<br>Bastian Lesch<br>Ahornstr. 44<br>46514 Schermbeck<\/td><\/tr><tr><td class=\"has-text-align-center\" data-align=\"center\"><\/td><td class=\"has-text-align-center\" data-align=\"center\"><strong>Beisitzer\/-innen<\/strong><\/td><td class=\"has-text-align-center\" data-align=\"center\"><\/td><\/tr><tr><td class=\"has-text-align-center\" data-align=\"center\"><img decoding=\"async\" style=\"width: 120px;\" src=\"https:\/\/igbce-dorsten-online.de\/wp-content\/uploads\/2022\/03\/IGBCE_Signet21_positiv-e1649091887747.jpg\"><br>Beisitzerin<br>Renate Bettin<br><br>46284 Dorsten<\/td><td class=\"has-text-align-center\" data-align=\"center\"><img decoding=\"async\" style=\"width: 120px;\" src=\"https:\/\/igbce-dorsten-online.de\/wp-content\/uploads\/2022\/03\/IGBCE_Signet21_positiv-e1649091887747.jpg\"><br>Beisitzerin<br>Elke Ohlmeyer<br><br>46284 Dorsten<\/td><td class=\"has-text-align-center\" data-align=\"center\"><img decoding=\"async\" style=\"width: 120px;\" src=\"https:\/\/igbce-dorsten-online.de\/wp-content\/uploads\/2022\/03\/IGBCE_Signet21_positiv-e1649091887747.jpg\"><br>Beisitzerin:<br>Angelika Reckers<br><br>46282 Dorsten<\/td><\/tr><tr><td class=\"has-text-align-center\" data-align=\"center\"><img decoding=\"async\" style=\"width: 120px;\" src=\"https:\/\/igbce-dorsten-online.de\/wp-content\/uploads\/2021\/03\/Angela2.jpg\"><br>Beisitzerin:<br>Angela Steinbach<br>Juliusstr. 8<br>46284 Dorsten<\/td><td class=\"has-text-align-center\" data-align=\"center\"><br><img decoding=\"async\" style=\"width: 120px;\" src=\"https:\/\/igbce-dorsten-online.de\/wp-content\/uploads\/2022\/03\/IGBCE_Signet21_positiv-e1649091887747.jpg\"><br>Beisitzerin:<br>Eva-Marie Volkmer<br><br>46284 Dorsten<br><\/td><td class=\"has-text-align-center\" data-align=\"center\"><img loading=\"lazy\" decoding=\"async\" width=\"120\" height=\"120\" class=\"wp-image-385\" style=\"width: 120px;\" src=\"https:\/\/igbce-dorsten-online.de\/wp-content\/uploads\/2022\/03\/IGBCE_Signet21_positiv-e1649091887747.jpg\" alt=\"\"><br>Beisitzerin:<br>Monika Grochocki<br><br>46284 Dorsten<\/td><\/tr><tr><td class=\"has-text-align-center\" data-align=\"center\"><img decoding=\"async\" style=\"width: 120px;\" src=\"https:\/\/igbce-dorsten-online.de\/wp-content\/uploads\/2021\/07\/Bild_2021-07-07_131112-205x300.png\" alt=\"\"><br>Beisitzer:<br>Werner Overbeck<br><br>46284 Dorsten<\/td><td class=\"has-text-align-center\" data-align=\"center\"><img loading=\"lazy\" decoding=\"async\" width=\"120\" height=\"160\" class=\"wp-image-131\" style=\"width: 120px;\" src=\"https:\/\/igbce-dorsten-online.de\/wp-content\/uploads\/2021\/03\/Winfried.jpg\" alt=\"\"><br>Beisitzer:<br>Winfried Dammann<br><br>46284 Dorsten<br><\/td><td class=\"has-text-align-center\" data-align=\"center\"><img decoding=\"async\" style=\"width: 120px;\" src=\"https:\/\/igbce-dorsten-online.de\/wp-content\/uploads\/2021\/03\/Manfred-Reckers.jpg\" alt=\"\"><br>Beisitzer:<br>Manfred Reckers<br><br>46282 Dorsten<\/td><\/tr><tr><td class=\"has-text-align-center\" data-align=\"center\"><img decoding=\"async\" style=\"width: 120px;\" src=\"https:\/\/igbce-dorsten-online.de\/wp-content\/uploads\/2022\/03\/IGBCE_Signet21_positiv-e1649091887747.jpg\"><br>Beisitzer:<br>Michael Prang<br><br>46284 Dorsten<\/td><td class=\"has-text-align-center\" data-align=\"center\"><img loading=\"lazy\" decoding=\"async\" width=\"120\" height=\"120\" class=\"wp-image-385\" style=\"width: 120px;\" src=\"https:\/\/igbce-dorsten-online.de\/wp-content\/uploads\/2022\/03\/IGBCE_Signet21_positiv-e1649091887747.jpg\" alt=\"\"><br>Beisitzer:<br>Heinz Bandilla<br><br>46282 Dorsten<\/td><td class=\"has-text-align-center\" data-align=\"center\"><img loading=\"lazy\" decoding=\"async\" width=\"120\" height=\"120\" class=\"wp-image-385\" style=\"width: 120px;\" src=\"https:\/\/igbce-dorsten-online.de\/wp-content\/uploads\/2022\/03\/IGBCE_Signet21_positiv-e1649091887747.jpg\" alt=\"\"><br>Beisitzer:<br>Achim Mittrach<br><br>46282 Dorsten<\/td><\/tr><\/tbody><\/table><\/figure>\n\n\n\n<p class=\"has-text-align-center\"><strong>Unsere Revisoren\/-innen<\/strong><\/p>\n\n\n\n<figure class=\"wp-block-table\"><table class=\"has-light-green-cyan-background-color has-background has-fixed-layout\"><tbody><tr><td class=\"has-text-align-center\" data-align=\"center\">Revisor:<br>Gisbert Mainholz<br><br>46282 Dorsten<\/td><td class=\"has-text-align-center\" data-align=\"center\">Revisor:<br>Ali Sen<br><br>46284 Dorsten<\/td><td class=\"has-text-align-center\" data-align=\"center\">Revisor:<br>Klaus Grochocki<br><br>46284 Dorsten<\/td><td class=\"has-text-align-center\" data-align=\"center\">Revisorin:<br>Kerstin Jeschmund<br><br>46282 Dorsten<\/td><\/tr><\/tbody><\/table><\/figure>\n\n\n","protected":false},"excerpt":{"rendered":"<p>Vorstandswahlen am 28.04.2024Die Ortsgruppe Dorsten der Industriegewerkschaft Bergbau Chemie Energie f\u00fchrte am Sonntag, den 28.04.2024 in der Gastst\u00e4tte Adolf Ihre alle vier Jahre stattfindenden Vorstandswahlen durch. Als Versammlungsleiter der gut [&hellip;]<\/p>\n","protected":false},"author":1,"featured_media":0,"parent":0,"menu_order":0,"comment_status":"closed","ping_status":"closed","template":"","meta":{"footnotes":""},"class_list":["post-54","page","type-page","status-publish","hentry"],"_links":{"self":[{"href":"https:\/\/igbce-dorsten-online.de\/index.php?rest_route=\/wp\/v2\/pages\/54","targetHints":{"allow":["GET"]}}],"collection":[{"href":"https:\/\/igbce-dorsten-online.de\/index.php?rest_route=\/wp\/v2\/pages"}],"about":[{"href":"https:\/\/igbce-dorsten-online.de\/index.php?rest_route=\/wp\/v2\/types\/page"}],"author":[{"embeddable":true,"href":"https:\/\/igbce-dorsten-online.de\/index.php?rest_route=\/wp\/v2\/users\/1"}],"replies":[{"embeddable":true,"href":"https:\/\/igbce-dorsten-online.de\/index.php?rest_route=%2Fwp%2Fv2%2Fcomments&post=54"}],"version-history":[{"count":22,"href":"https:\/\/igbce-dorsten-online.de\/index.php?rest_route=\/wp\/v2\/pages\/54\/revisions"}],"predecessor-version":[{"id":1335,"href":"https:\/\/igbce-dorsten-online.de\/index.php?rest_route=\/wp\/v2\/pages\/54\/revisions\/1335"}],"wp:attachment":[{"href":"https:\/\/igbce-dorsten-online.de\/index.php?rest_route=%2Fwp%2Fv2%2Fmedia&parent=54"}],"curies":[{"name":"wp","href":"https:\/\/api.w.org\/{rel}","templated":true}]}}