{"id":1316,"date":"2024-11-30T14:59:10","date_gmt":"2024-11-30T13:59:10","guid":{"rendered":"https:\/\/igbce-dorsten-online.de\/?page_id=1316"},"modified":"2024-11-30T15:37:32","modified_gmt":"2024-11-30T14:37:32","slug":"rueckblick-auf-die-letzten-jahre","status":"publish","type":"page","link":"https:\/\/igbce-dorsten-online.de\/?page_id=1316","title":{"rendered":"R\u00fcckblick auf die letzten Jahre!"},"content":{"rendered":"\n<p class=\"has-text-align-center has-pale-pink-background-color has-background has-medium-font-size\"><img loading=\"lazy\" decoding=\"async\" width=\"200\" height=\"150\" class=\"wp-image-1056\" style=\"width: 200px;\" src=\"https:\/\/igbce-dorsten-online.de\/wp-content\/uploads\/2023\/11\/IMG_20231120_202213436-scaled.jpg\" alt=\"\" srcset=\"https:\/\/igbce-dorsten-online.de\/wp-content\/uploads\/2023\/11\/IMG_20231120_202213436-scaled.jpg 2560w, https:\/\/igbce-dorsten-online.de\/wp-content\/uploads\/2023\/11\/IMG_20231120_202213436-300x225.jpg 300w, https:\/\/igbce-dorsten-online.de\/wp-content\/uploads\/2023\/11\/IMG_20231120_202213436-1024x768.jpg 1024w, https:\/\/igbce-dorsten-online.de\/wp-content\/uploads\/2023\/11\/IMG_20231120_202213436-768x576.jpg 768w, https:\/\/igbce-dorsten-online.de\/wp-content\/uploads\/2023\/11\/IMG_20231120_202213436-1536x1152.jpg 1536w, https:\/\/igbce-dorsten-online.de\/wp-content\/uploads\/2023\/11\/IMG_20231120_202213436-2048x1536.jpg 2048w\" sizes=\"auto, (max-width: 200px) 100vw, 200px\" \/><br>Die Eisstockmasters 2023 finden vom 12.11. bis 21.12.23 auf dem Dorstener Marktplatz statt.<br>Es ist eins der gr\u00f6\u00dften Winterevents NRWs.&nbsp;<br>Auch wir waren wieder dabei!<br>Leider sind wir bei unserem ersten Spiel am Montag 20.11.2023 ausgeschieden.<br>Aber es hat Spa\u00df gemacht dabei zu sein!<\/p>\n\n\n\n<p class=\"has-text-align-center has-black-color has-cyan-bluish-gray-background-color has-text-color has-background\" style=\"font-size:16px\"><img loading=\"lazy\" decoding=\"async\" width=\"600\" height=\"165\" class=\"wp-image-908\" style=\"width: 600px;\" src=\"https:\/\/igbce-dorsten-online.de\/wp-content\/uploads\/2023\/05\/Bild_2023-05-03_174725425.png\" alt=\"\" srcset=\"https:\/\/igbce-dorsten-online.de\/wp-content\/uploads\/2023\/05\/Bild_2023-05-03_174725425.png 1085w, https:\/\/igbce-dorsten-online.de\/wp-content\/uploads\/2023\/05\/Bild_2023-05-03_174725425-300x83.png 300w, https:\/\/igbce-dorsten-online.de\/wp-content\/uploads\/2023\/05\/Bild_2023-05-03_174725425-1024x282.png 1024w, https:\/\/igbce-dorsten-online.de\/wp-content\/uploads\/2023\/05\/Bild_2023-05-03_174725425-768x212.png 768w\" sizes=\"auto, (max-width: 600px) 100vw, 600px\" \/><br>Unsere Jahresabschlussfahrt ging diesmal vom<br>03.- 06.12.2023 (So-Mi) ins Erzgebirge<br><a href=\"https:\/\/igbce-dorsten-online.de\/?page_id=912\" data-type=\"page\" data-id=\"912\"><strong>Zum Infolyer<\/strong><\/a><\/p>\n\n\n\n<div class=\"wp-block-group\"><div class=\"wp-block-group__inner-container is-layout-constrained wp-block-group-is-layout-constrained\">\n<div class=\"wp-block-group\"><div class=\"wp-block-group__inner-container is-layout-constrained wp-block-group-is-layout-constrained\">\n<div class=\"wp-block-group\"><div class=\"wp-block-group__inner-container is-layout-constrained wp-block-group-is-layout-constrained\">\n<p><\/p>\n\n\n\n<p><\/p>\n\n\n\n<p><\/p>\n\n\n\n<p><\/p>\n\n\n\n<div class=\"wp-block-group is-layout-grid wp-container-core-group-is-layout-478b6e6b wp-block-group-is-layout-grid\">\n<p class=\"has-text-align-right wp-container-content-da09a7bf\">Am 05.11.2023 fand das Dorstener Lichterfest<br> statt und wir waren auch dabei.<br>Unser Stand war auf der Lippestr.<br>vor den Hausnummern 13\/15<br>Trotz Regen war die Veranstaltung gut besucht<\/p>\n\n\n\n<figure class=\"wp-block-image size-large is-resized is-style-default wp-container-content-69bc4bdf\"><img loading=\"lazy\" decoding=\"async\" width=\"768\" height=\"1024\" src=\"https:\/\/igbce-dorsten-online.de\/wp-content\/uploads\/2023\/09\/Plakat-768x1024.jpg\" alt=\"\" class=\"wp-image-1027\" style=\"aspect-ratio:0.7513966480446927;width:277px;height:auto\" srcset=\"https:\/\/igbce-dorsten-online.de\/wp-content\/uploads\/2023\/09\/Plakat-768x1024.jpg 768w, https:\/\/igbce-dorsten-online.de\/wp-content\/uploads\/2023\/09\/Plakat-225x300.jpg 225w, https:\/\/igbce-dorsten-online.de\/wp-content\/uploads\/2023\/09\/Plakat-1152x1536.jpg 1152w, https:\/\/igbce-dorsten-online.de\/wp-content\/uploads\/2023\/09\/Plakat-1536x2048.jpg 1536w, https:\/\/igbce-dorsten-online.de\/wp-content\/uploads\/2023\/09\/Plakat-scaled.jpg 1920w\" sizes=\"auto, (max-width: 768px) 100vw, 768px\" \/><\/figure>\n<\/div>\n<\/div><\/div>\n<\/div><\/div>\n<\/div><\/div>\n\n\n\n<p class=\"has-text-align-center has-cyan-bluish-gray-background-color has-background\"><strong>In 2023 fanden 2 Jubilar-Ehrungen statt.<\/strong><br>Die erste fand am 09.09. in der Gastst\u00e4tte &#8222;Deutsches Eck&#8220; statt<br>die zweitet am 07.10. in der Gastst\u00e4tte &#8222;Einhaus&#8220;.<br>Die Einladung an die JubilarInnen sind rechtzeitig erfolgt.<br>Berichte und Bilder der Ehrungen in k\u00fcrze<br><a href=\"https:\/\/igbce-dorsten-online.de\/?page_id=544(\u00f6ffnet in neuem Tab)\" data-type=\"URL\" data-id=\"https:\/\/igbce-dorsten-online.de\/?page_id=544(\u00f6ffnet in neuem Tab)\">Hier geht es zum Bericht und den Bildern der Jubilar-Ehrungen 2022:<\/a><br><a href=\"https:\/\/igbce-dorsten-online.de\/?page_id=1011\" data-type=\"page\" data-id=\"1011\">Hier geht es zum Bericht und den Bildern der Jubilar-Ehrungen 2020 und 2021:<\/a><\/p>\n\n\n\n<p class=\"has-text-align-center has-pale-pink-background-color has-background\"><strong>Weltkindertag am 17.09.2023 in Dorsten<\/strong>,<br>in diesem Jahr fand er auf den Parkpl\u00e4tzen des Media Marktes<br>und des Treffpunkt Altstadt statt.<br>Auch wir waren dabei. Bericht folgt.<\/p>\n\n\n\n<p class=\"has-text-align-center has-pale-pink-background-color has-background\"><strong>Weltkindertag am 17.09.2023 in Dorsten<\/strong>,<br>in diesem Jahr fand er auf den Parkpl\u00e4tzen des Media Marktes<br>und des Treffpunkt Altstadt statt.<br>Auch wir waren dabei. Bericht folgt.<\/p>\n\n\n\n<p><img decoding=\"async\" src=\"https:\/\/igbce-dorsten-online.de\/wp-content\/uploads\/2023\/04\/Kopfzeile-scaled.jpg\" alt=\"\"><br><strong>Pudding, Gr\u00fcnsandstein und Brauhaus-Vergn\u00fcgen<\/strong><br><strong>Unsere Bildungsfahrt am 16.06.2023<br>f\u00fchrte uns zur &#8222;Dr. Oetker Welt&#8220; in Bielefeld<br>in die Altstadt von Soest<br>und ins &#8222;Brauhaus Zwiebel&#8220;<\/strong> (bzw. Aloisius)<br><strong><a href=\"https:\/\/igbce-dorsten-online.de\/?page_id=821\"><em>Zum <\/em>Bericht<\/a><\/strong><br><br><img decoding=\"async\" src=\"https:\/\/igbce-dorsten-online.de\/wp-content\/uploads\/2023\/04\/Kopfzeile-Bonn-Rosenau.jpg\" alt=\"\"><br><br>Eine weitere Bildungsfahrt ist am 20.08.2023,<br>diese geht nach Bonn zum &#8222;Haus der Geschichte&#8220; danach zum Mittagessen auf die Rosenau<br>ins &#8222;Heinrich-Imbusch-Haus. Nach dem Mittagessen hei\u00dft es &#8222;Leinen Los&#8220; f\u00fcr eine Rheinschifffahrt von K\u00f6nigswinter nach Linz.<br><strong>Bericht folgt.<\/strong><\/p>\n\n\n\n<p class=\"has-text-align-center has-cyan-bluish-gray-background-color has-background\">Bildungsveranstaltung zum Thema <strong>&#8222;Vorsorgevollmacht&#8220;<\/strong> am 23.06.2023<br>von 15 bis 17 Uhr in der Gastst\u00e4tte &#8222;Deutsches Eck&#8220;<br>Zu diesem Thema hatten wir eine Mitarbeiterin der Caritas zu Gast!<br>Es war sehr Interessant und es wurden viele Fragen gestellt.<br>Da die Teilnehmerzahl begrenzt war werden wir bei Bedarf<br>diese Veranstaltung wiederholen. <\/p>\n\n\n\n<p class=\"has-text-align-center has-cyan-bluish-gray-background-color has-background\" style=\"font-size:16px\"><strong>Bericht vom Dorstener Arbeitnehmerempfang 2023 am 07.05.2023<\/strong><br>Im Tisa-Archiv dreht sich bei der knapp zweist\u00fcndigen Podiumsdiskussion alles um das Thema<br>Respekt. Dabei geht es auch um den Respekt untereinander \u2013 im Berufsleben <br>und auch in der Freizeit \u201eRespekt \u2013 fairer Umgang, faire Bedingungen, faire Bezahlung\u201c war der Leitgedanke des Dorstener Arbeitnehmerempfangs, zu dem der Deutsche Gewerkschaftsbund (DGB), die <strong>Industriegewerkschaft Bergbau, Chemie und Energie (IGBCE),<\/strong> die Industriegewerkschaft Bauen-Agrar-Umwelt (IG BAU), die Katholische Arbeitnehmer-Bewegung (KAB), der ev. Kirchenkreis Gladbeck-Bottrop-Dorsten, die komba gewerkschaft, die Vereinte Dienstleistungsgewerkschaft (Ver.di), die Gewerkschaft der Polizei (GdP) und die Stadt Dorsten am Sonntag in die gro\u00dfe Halle<br> des Tisa-Archivs an der F\u00fcrst-Leopold-Allee eingeladen hatten.  <a href=\"https:\/\/igbce-dorsten-online.de\/?page_id=930\" data-type=\"page\" data-id=\"930\">Zum Bericht hier Klicken.<\/a><img loading=\"lazy\" decoding=\"async\" width=\"150\" height=\"97\" class=\"wp-image-941\" style=\"width: 150px;\" src=\"https:\/\/igbce-dorsten-online.de\/wp-content\/uploads\/2023\/05\/image.png\" alt=\"\" srcset=\"https:\/\/igbce-dorsten-online.de\/wp-content\/uploads\/2023\/05\/image.png 800w, https:\/\/igbce-dorsten-online.de\/wp-content\/uploads\/2023\/05\/image-300x194.png 300w, https:\/\/igbce-dorsten-online.de\/wp-content\/uploads\/2023\/05\/image-768x496.png 768w\" sizes=\"auto, (max-width: 150px) 100vw, 150px\" \/><\/p>\n\n\n\n<div class=\"wp-block-media-text alignwide is-stacked-on-mobile has-cyan-bluish-gray-background-color has-background\" style=\"grid-template-columns:28% auto\"><figure class=\"wp-block-media-text__media\"><a href=\"https:\/\/www.dorsten.de\/_Resources\/Persistent\/8\/f\/9\/0\/8f90e0710dc5c284667fcbc2667f4198d6f42157\/Publikation%20Flyer_Druck.pdf\" target=\"_blank\" rel=\"noreferrer noopener\"><img loading=\"lazy\" decoding=\"async\" width=\"1024\" height=\"769\" src=\"https:\/\/igbce-dorsten-online.de\/wp-content\/uploads\/2023\/03\/Besentage-2023-Gruppe-1024x769.jpg\" alt=\"\" class=\"wp-image-790 size-full\" srcset=\"https:\/\/igbce-dorsten-online.de\/wp-content\/uploads\/2023\/03\/Besentage-2023-Gruppe-1024x769.jpg 1024w, https:\/\/igbce-dorsten-online.de\/wp-content\/uploads\/2023\/03\/Besentage-2023-Gruppe-300x225.jpg 300w, https:\/\/igbce-dorsten-online.de\/wp-content\/uploads\/2023\/03\/Besentage-2023-Gruppe-768x577.jpg 768w, https:\/\/igbce-dorsten-online.de\/wp-content\/uploads\/2023\/03\/Besentage-2023-Gruppe.jpg 1117w\" sizes=\"auto, (max-width: 1024px) 100vw, 1024px\" \/><\/a><\/figure><div class=\"wp-block-media-text__content\">\n<div class=\"wp-block-group\"><div class=\"wp-block-group__inner-container is-layout-constrained wp-block-group-is-layout-constrained\">\n<p style=\"font-size:19px\"><strong>Besentage 2023<\/strong><br>In der Woche vom 20. bis 25. M\u00e4rz fanden die Dorstener Besentagen 2023 statt.<br>\u00a0Unsere IGBCE Ortsgruppe hatte am Mittwoch 22. M\u00e4rz mit 12 KollegInnen daran teilgenommen, wie immer haben wir reichlich M\u00fcll gefunden.<br>Ein Fahrrad, welches vermutlich entwendet wurde, haben wir in den B\u00fcschen<br>gefunden und der Polizei \u00fcbergeben. Dieses Fahrrad kann nun im Dorstener Fundb\u00fcro von seinem Eigent\u00fcmer abgeholt werden.<br><\/p>\n<\/div><\/div>\n<\/div><\/div>\n\n\n\n<p class=\"has-text-align-center\"><img loading=\"lazy\" decoding=\"async\" width=\"500\" height=\"131\" class=\"wp-image-495\" style=\"width: 500px;\" src=\"https:\/\/igbce-dorsten-online.de\/wp-content\/uploads\/2022\/04\/GBB-Salzburger-Land-2022-IGBCE-Dorsten-1001-01.jpg\" alt=\"\" srcset=\"https:\/\/igbce-dorsten-online.de\/wp-content\/uploads\/2022\/04\/GBB-Salzburger-Land-2022-IGBCE-Dorsten-1001-01.jpg 1114w, https:\/\/igbce-dorsten-online.de\/wp-content\/uploads\/2022\/04\/GBB-Salzburger-Land-2022-IGBCE-Dorsten-1001-01-300x78.jpg 300w, https:\/\/igbce-dorsten-online.de\/wp-content\/uploads\/2022\/04\/GBB-Salzburger-Land-2022-IGBCE-Dorsten-1001-01-1024x267.jpg 1024w, https:\/\/igbce-dorsten-online.de\/wp-content\/uploads\/2022\/04\/GBB-Salzburger-Land-2022-IGBCE-Dorsten-1001-01-768x201.jpg 768w\" sizes=\"auto, (max-width: 500px) 100vw, 500px\" \/><img loading=\"lazy\" decoding=\"async\" width=\"150\" height=\"155\" class=\"wp-image-697\" style=\"width: 150px;\" src=\"https:\/\/igbce-dorsten-online.de\/wp-content\/uploads\/2022\/12\/Bild_2022-12-06_193826441.png\" alt=\"\" srcset=\"https:\/\/igbce-dorsten-online.de\/wp-content\/uploads\/2022\/12\/Bild_2022-12-06_193826441.png 2118w, https:\/\/igbce-dorsten-online.de\/wp-content\/uploads\/2022\/12\/Bild_2022-12-06_193826441-289x300.png 289w, https:\/\/igbce-dorsten-online.de\/wp-content\/uploads\/2022\/12\/Bild_2022-12-06_193826441-988x1024.png 988w, https:\/\/igbce-dorsten-online.de\/wp-content\/uploads\/2022\/12\/Bild_2022-12-06_193826441-768x796.png 768w, https:\/\/igbce-dorsten-online.de\/wp-content\/uploads\/2022\/12\/Bild_2022-12-06_193826441-1482x1536.png 1482w, https:\/\/igbce-dorsten-online.de\/wp-content\/uploads\/2022\/12\/Bild_2022-12-06_193826441-1976x2048.png 1976w\" sizes=\"auto, (max-width: 150px) 100vw, 150px\" \/><br>Mit <img loading=\"lazy\" decoding=\"async\" width=\"100\" height=\"53\" class=\"wp-image-482\" style=\"width: 100px;\" src=\"https:\/\/igbce-dorsten-online.de\/wp-content\/uploads\/2022\/04\/Logo-GBB.jpg\" alt=\"\"> waren wir vom 30.11.-04.12.2022 im Salzburger Land!<br><a href=\"https:\/\/igbce-dorsten-online.de\/?page_id=699\" data-type=\"page\" data-id=\"699\">Hier geht es zu den Bildern.<\/a><br><\/p>\n\n\n\n<div class=\"wp-block-columns is-layout-flex wp-container-core-columns-is-layout-28f84493 wp-block-columns-is-layout-flex\">\n<div class=\"wp-block-column is-layout-flow wp-block-column-is-layout-flow\" style=\"flex-basis:33.33%\">\n<figure class=\"wp-block-image size-large is-resized\"><img loading=\"lazy\" decoding=\"async\" width=\"768\" height=\"1024\" src=\"https:\/\/igbce-dorsten-online.de\/wp-content\/uploads\/2021\/11\/Bild-3-768x1024.jpg\" alt=\"\" class=\"wp-image-331\" style=\"width:192px;height:256px\"\/><\/figure>\n<\/div>\n\n\n\n<div class=\"wp-block-column is-layout-flow wp-block-column-is-layout-flow\" style=\"flex-basis:66.66%\">\n<p class=\"has-text-align-center has-small-font-size\">Die Eisstockmasters 2022 finden vom 13.11. bis 21.12.22 auf dem Dorstener Marktplatz statt.<br>Es ist eins der gr\u00f6\u00dften Winterevents NRWs.&nbsp;<br>Auch wir waren wieder dabei!<br><strong>Unser Spiel war am Sonntag den 13.11.2022.<\/strong><br>Leider haben wir nur eins von drei Spielen gewonnen und sind somit in der Vorrunde ausgeschieden. Aber n\u00e4chstes Jahr sind wir wieder Dabei!<\/p>\n\n\n\n<div class=\"wp-block-columns is-layout-flex wp-container-core-columns-is-layout-28f84493 wp-block-columns-is-layout-flex\">\n<div class=\"wp-block-column is-layout-flow wp-block-column-is-layout-flow\">\n<figure class=\"wp-block-image size-large\"><img loading=\"lazy\" decoding=\"async\" width=\"768\" height=\"1024\" src=\"https:\/\/igbce-dorsten-online.de\/wp-content\/uploads\/2022\/11\/Spielfeld-768x1024.jpg\" alt=\"\" class=\"wp-image-688\" srcset=\"https:\/\/igbce-dorsten-online.de\/wp-content\/uploads\/2022\/11\/Spielfeld-768x1024.jpg 768w, https:\/\/igbce-dorsten-online.de\/wp-content\/uploads\/2022\/11\/Spielfeld-225x300.jpg 225w, https:\/\/igbce-dorsten-online.de\/wp-content\/uploads\/2022\/11\/Spielfeld-1152x1536.jpg 1152w, https:\/\/igbce-dorsten-online.de\/wp-content\/uploads\/2022\/11\/Spielfeld.jpg 1536w\" sizes=\"auto, (max-width: 768px) 100vw, 768px\" \/><\/figure>\n<\/div>\n\n\n\n<div class=\"wp-block-column is-layout-flow wp-block-column-is-layout-flow\">\n<figure class=\"wp-block-image size-large\"><img loading=\"lazy\" decoding=\"async\" width=\"768\" height=\"1024\" src=\"https:\/\/igbce-dorsten-online.de\/wp-content\/uploads\/2022\/11\/Unsere-Mannschaft-768x1024.jpg\" alt=\"\" class=\"wp-image-689\" srcset=\"https:\/\/igbce-dorsten-online.de\/wp-content\/uploads\/2022\/11\/Unsere-Mannschaft-768x1024.jpg 768w, https:\/\/igbce-dorsten-online.de\/wp-content\/uploads\/2022\/11\/Unsere-Mannschaft-225x300.jpg 225w, https:\/\/igbce-dorsten-online.de\/wp-content\/uploads\/2022\/11\/Unsere-Mannschaft-1152x1536.jpg 1152w, https:\/\/igbce-dorsten-online.de\/wp-content\/uploads\/2022\/11\/Unsere-Mannschaft.jpg 1536w\" sizes=\"auto, (max-width: 768px) 100vw, 768px\" \/><\/figure>\n<\/div>\n\n\n\n<div class=\"wp-block-column is-layout-flow wp-block-column-is-layout-flow\">\n<figure class=\"wp-block-image size-large\"><img loading=\"lazy\" decoding=\"async\" width=\"768\" height=\"1024\" src=\"https:\/\/igbce-dorsten-online.de\/wp-content\/uploads\/2022\/11\/IMG-20221113-WA0007-768x1024.jpg\" alt=\"\" class=\"wp-image-690\" srcset=\"https:\/\/igbce-dorsten-online.de\/wp-content\/uploads\/2022\/11\/IMG-20221113-WA0007-768x1024.jpg 768w, https:\/\/igbce-dorsten-online.de\/wp-content\/uploads\/2022\/11\/IMG-20221113-WA0007-225x300.jpg 225w, https:\/\/igbce-dorsten-online.de\/wp-content\/uploads\/2022\/11\/IMG-20221113-WA0007-1152x1536.jpg 1152w, https:\/\/igbce-dorsten-online.de\/wp-content\/uploads\/2022\/11\/IMG-20221113-WA0007.jpg 1536w\" sizes=\"auto, (max-width: 768px) 100vw, 768px\" \/><\/figure>\n<\/div>\n<\/div>\n<\/div>\n<\/div>\n\n\n\n<p class=\"has-text-align-center has-luminous-vivid-amber-background-color has-background\"><strong>\u201eGemeinsam f\u00fcr Kinderrechte\u201c<\/strong><br>unter diesem Motto fand am 25.09.2022 in der Dorstener Innenstadt<br>der Traditionelle Weltkindertag statt.<br>Auch wir waren als IGBCE Ortsgruppe wieder dabei.<br>Unser Angebot: Infostand, Angelspiel, Gl\u00fccksrad, Kinderschminken.<br><strong>Unser Ehrengast war der Clown Balloonie<\/strong> <img loading=\"lazy\" decoding=\"async\" width=\"150\" height=\"87\" class=\"wp-image-646\" style=\"width: 150px;\" src=\"https:\/\/igbce-dorsten-online.de\/wp-content\/uploads\/2022\/09\/Clown-Bild.jpg\" alt=\"\" srcset=\"https:\/\/igbce-dorsten-online.de\/wp-content\/uploads\/2022\/09\/Clown-Bild.jpg 866w, https:\/\/igbce-dorsten-online.de\/wp-content\/uploads\/2022\/09\/Clown-Bild-300x174.jpg 300w, https:\/\/igbce-dorsten-online.de\/wp-content\/uploads\/2022\/09\/Clown-Bild-768x445.jpg 768w\" sizes=\"auto, (max-width: 150px) 100vw, 150px\" \/><br><\/p>\n\n\n\n<p class=\"has-text-align-center has-pale-pink-background-color has-background\"><strong>Der IGBCE-Vorsitzende Michael Vassiliadis reagierte betroffen:<\/strong><br><img loading=\"lazy\" decoding=\"async\" width=\"300\" height=\"170\" class=\"wp-image-773\" style=\"width: 300px;\" src=\"https:\/\/igbce-dorsten-online.de\/wp-content\/uploads\/2023\/02\/Hilfe-nach-dem-Erdbeben-Spendenaufruf-Bild.jpg\" alt=\"\" srcset=\"https:\/\/igbce-dorsten-online.de\/wp-content\/uploads\/2023\/02\/Hilfe-nach-dem-Erdbeben-Spendenaufruf-Bild.jpg 895w, https:\/\/igbce-dorsten-online.de\/wp-content\/uploads\/2023\/02\/Hilfe-nach-dem-Erdbeben-Spendenaufruf-Bild-300x170.jpg 300w, https:\/\/igbce-dorsten-online.de\/wp-content\/uploads\/2023\/02\/Hilfe-nach-dem-Erdbeben-Spendenaufruf-Bild-768x436.jpg 768w\" sizes=\"auto, (max-width: 300px) 100vw, 300px\" \/>    <br><strong>\u201eEin schreckliches Erdbeben hat in der T\u00fcrkei und in Syrien tausende Menschen aus dem Leben gerissen. Unsere Gedanken und unser tiefes Mitgef\u00fchl sind bei den<br>Betroffenen und ihren Angeh\u00f6rigen\u201c<\/strong><br><a rel=\"noreferrer noopener\" href=\"https:\/\/igbce-dorsten-online.de\/?page_id=767\" data-type=\"page\" data-id=\"767\" target=\"_blank\">zum Infofleyer&#8230;&#8230;..<\/a><\/p>\n\n\n\n<div class=\"wp-block-columns is-layout-flex wp-container-core-columns-is-layout-28f84493 wp-block-columns-is-layout-flex\">\n<div class=\"wp-block-column is-layout-flow wp-block-column-is-layout-flow\">\n<p class=\"has-text-align-center\"><\/p>\n\n\n\n<p><\/p>\n\n\n\n<p class=\"has-text-align-center\"><strong>Am Sonntag den 07.11.2021 fand in der Dorstener Innenstadt von 12-18 Uhr das &#8222;Lichterfest&#8220; statt.<br>Auch wir waren dort mit einem Infostand vertreten.<\/strong> <\/p>\n<\/div>\n\n\n\n<div class=\"wp-block-column is-layout-flow wp-block-column-is-layout-flow\">\n<figure class=\"wp-block-image size-large\"><img loading=\"lazy\" decoding=\"async\" width=\"1024\" height=\"787\" src=\"https:\/\/igbce-dorsten-online.de\/wp-content\/uploads\/2021\/11\/Infostand-Lichterfest-2021-1024x787.jpg\" alt=\"\" class=\"wp-image-328\"\/><figcaption class=\"wp-element-caption\">Infostand ist aufgebaut, die Besucher k\u00f6nnen kommen!<\/figcaption><\/figure>\n<\/div>\n<\/div>\n","protected":false},"excerpt":{"rendered":"<p>Die Eisstockmasters 2023 finden vom 12.11. bis 21.12.23 auf dem Dorstener Marktplatz statt.Es ist eins der gr\u00f6\u00dften Winterevents NRWs.&nbsp;Auch wir waren wieder dabei!Leider sind wir bei unserem ersten Spiel am [&hellip;]<\/p>\n","protected":false},"author":1,"featured_media":0,"parent":0,"menu_order":0,"comment_status":"closed","ping_status":"closed","template":"","meta":{"footnotes":""},"class_list":["post-1316","page","type-page","status-publish","hentry"],"_links":{"self":[{"href":"https:\/\/igbce-dorsten-online.de\/index.php?rest_route=\/wp\/v2\/pages\/1316","targetHints":{"allow":["GET"]}}],"collection":[{"href":"https:\/\/igbce-dorsten-online.de\/index.php?rest_route=\/wp\/v2\/pages"}],"about":[{"href":"https:\/\/igbce-dorsten-online.de\/index.php?rest_route=\/wp\/v2\/types\/page"}],"author":[{"embeddable":true,"href":"https:\/\/igbce-dorsten-online.de\/index.php?rest_route=\/wp\/v2\/users\/1"}],"replies":[{"embeddable":true,"href":"https:\/\/igbce-dorsten-online.de\/index.php?rest_route=%2Fwp%2Fv2%2Fcomments&post=1316"}],"version-history":[{"count":3,"href":"https:\/\/igbce-dorsten-online.de\/index.php?rest_route=\/wp\/v2\/pages\/1316\/revisions"}],"predecessor-version":[{"id":1326,"href":"https:\/\/igbce-dorsten-online.de\/index.php?rest_route=\/wp\/v2\/pages\/1316\/revisions\/1326"}],"wp:attachment":[{"href":"https:\/\/igbce-dorsten-online.de\/index.php?rest_route=%2Fwp%2Fv2%2Fmedia&parent=1316"}],"curies":[{"name":"wp","href":"https:\/\/api.w.org\/{rel}","templated":true}]}}