{"id":10,"date":"2021-03-14T18:45:11","date_gmt":"2021-03-14T17:45:11","guid":{"rendered":"https:\/\/igbceortsgruppedorsten.live-website.com\/?page_id=10"},"modified":"2021-03-15T17:34:03","modified_gmt":"2021-03-15T16:34:03","slug":"datenschutzerklaerung","status":"publish","type":"page","link":"https:\/\/igbce-dorsten-online.de\/?page_id=10","title":{"rendered":"Datenschutzerkl\u00e4rung"},"content":{"rendered":"\n<p>f\u00fcr die Webseite unter www.igbce-dorsten-holsterhausen.de bzw. www.igbce-dorsten.de der IGBCE Ortsgruppe Dorsten, G\u00fcnter Pelloth, 46282 Dorsten H\u00e4ndelstr. 10-\u00a0nachfolgend als IG BCE bezeichnet.<br>F\u00fcr die IG BCE ist ein sorgf\u00e4ltiger Umgang mit den pers\u00f6nlichen Daten ihrer Mitglieder und der Nutzer des Internet-Angebots \u00e4u\u00dferst wichtig. Das Datengeheimnis einschlie\u00dflich aller zu seinem Schutz erlassener Gesetze und Verordnungen ist f\u00fcr uns die Grundlage aller Datenverarbeitungsvorg\u00e4nge.<br><br>1. Welche Daten werden bei Aufruf einer Webseite erhoben?<br><br>Bei jedem Aufruf eines Inhalts aus der Webseite werden standardm\u00e4\u00dfig Zugriffsdaten gespeichert. Sie werden von Ihrem Browser automatisch an uns \u00fcbermittelt.<br><br>Jeder Datensatz besteht aus:<br><br>\u00a0\u00a0\u00a0der Seite, von der aus die Datei angefordert wurde<br>\u00a0\u00a0\u00a0dem Namen der Datei<br>\u00a0\u00a0\u00a0dem Datum und Uhrzeit der Anforderung<br>\u00a0\u00a0\u00a0der \u00fcbertragene Datenmenge<br>\u00a0\u00a0\u00a0dem Zugriffsstatus (Datei \u00fcbertragen, Datei nicht gefunden etc.)<br>\u00a0\u00a0\u00a0einer Beschreibung des Typs des verwendeten Webbrowsers<br>\u00a0\u00a0\u00a0der IP-Adresse des anfragenden Rechners<br><br>Diese Daten lassen sich nicht bestimmten Personen zuordnen. Eine Zusammenf\u00fchrung der Daten mit anderen Datenquellen wird nicht vorgenommen. Die gespeicherten Daten werden ausschlie\u00dflich zu internen statistischen Zwecken und zur technischen Administration der Webseiten ausgewertet. Wir behalten uns vor, die Daten nachtr\u00e4glich zu pr\u00fcfen, wenn uns konkrete Anhaltspunkte f\u00fcr eine rechtswidrige Nutzung bekannt werden.<br><br>2. Welche personenbezogenen Daten werden erhoben?<br><br>Dar\u00fcber hinaus werden pers\u00f6nliche Daten nur dann gespeichert, wenn Sie uns diese von sich aus, z.B. im Rahmen der Registrierung oder zur Durchf\u00fchrung eines Dienstes angeben. Bei der \u00dcbermittlung sicherheitsrelevanter pers\u00f6nlicher Daten werden diese durch eine gesicherte Verbindung gesch\u00fctzt.<br><br>In der Regel kann das Angebot der IG BCE unter igbce-dorsten-holsterhausen und igbce-dorsten.de besucht werden, ohne personenbezogene Daten mitzuteilen. Sofern Sie unser Angebot jedoch aktiv nutzen wollen, m\u00fcssen folgende Daten von Ihnen erhoben werden:<br><br>a.) bei der Nutzung des Kontaktformulars: Name, Vorname, E-Mail-Adresse.<br><br><br>3. Wozu ben\u00f6tigen wir Ihre Daten?<br><br>Die Angabe ihrer personenbezogenen Daten im Zusammenhang mit der Nutzung des Kontaktformulars, dient ausschlie\u00dflich zur Durchf\u00fchrung der von Ihnen gew\u00fcnschten Serviceleistung, etwa der Zusendung von Informationen per E-Mail oder auf postalischen Weg.<br><br>4. Werden Ihre Daten an Dritte weitergegeben?<br><br>Wir geben Daten nur an Dritte weiter, sofern dies zur Erf\u00fcllung unserer satzungsm\u00e4\u00dfigen Aufgaben oder zur Durchf\u00fchrung unserer Servicedienste erforderlich ist. Diese Drittanbieter sind dazu verpflichtet, die von uns erhaltenen Daten vertraulich zu behandeln und ausschlie\u00dflich zum Zwecke des Services und der Gesch\u00e4ftsabwicklung in unserem Auftrag zu verwenden.<br><br>Wir versichern, dass wir au\u00dfer zu den oben ausgef\u00fchrten Zwecken, die uns \u00fcberlassenen Daten weder verkaufen, weitergeben oder Dritten zug\u00e4nglich machen.<br><br>In besonderen F\u00e4llen ist die IG BCE gesetzlich verpflichtet, die personenbezogenen Daten der Nutzer an Dritte, insbesondere staatliche Stellen im Rahmen strafrechtlicher Ermittlungsma\u00dfnahmen, weiterzugeben.<br><br>F\u00fcr den Fall der Anzeige eines Missbrauchs durch andere Nutzer ist Voraussetzung f\u00fcr eine Weitergabe von Nutzerdaten, dass offensichtlich begr\u00fcndete und dokumentierte Anhaltspunkte daf\u00fcr vorliegen.<br><br>Mit der Anmeldung oder Registrierung stimmen Sie der Erhebung, Verarbeitung und Nutzung Ihrer personenbezogenen Daten ausdr\u00fccklich zu.<br><br>Sie k\u00f6nnen jederzeit unentgeltlich Auskunft \u00fcber den Stand Ihrer gespeicherten personenbezogenen Daten oder die L\u00f6schung Ihrer Daten verlangen.<br><br>Bei weiteren Fragen wenden sich bitte an die Datenschutzbeauftrage der IG BCE:<br><br>Isabel Eder<br>E-Mail: datenschutz@igbce.de<br>Telefon: 0511 7631-606<br><br>5. Nutzt die IG-BCE-Web-Seite Cookies?<br><br>Das IG-BCE-Internet-Angebot verwenden teilweise sogenannte Cookies. Das sind kleine Textdateien, die von Ihrem Browser gespeichert und eventuell auf Ihrer Festplatte abgelegt werden. Cookies richten auf Ihrem Rechner keinen Schaden an und enthalten keine Viren. Sie erm\u00f6glichen die Nutzung des Mitgliederbereichs bei igbce.de und dienen dazu, unser Angebot nutzerfreundlicher, effektiver und sicherer zu machen.<br><br>Die meisten der von uns verwendeten Cookies sind sogenannte \u201eSession-Cookies\u201c. Sie werden nach Ende Ihres Besuchs automatisch gel\u00f6scht. Andere Cookies bleiben auf Ihrem Endger\u00e4t gespeichert, bis Sie diese l\u00f6schen. Diese Cookies erm\u00f6glichen es uns, Ihren Browser beim n\u00e4chsten Besuch wiederzuerkennen.<br><br>Sie k\u00f6nnen Ihren Browser so einstellen, dass Sie \u00fcber das Setzen von Cookies informiert werden und Cookies nur im Einzelfall erlauben, die Annahme von Cookies f\u00fcr bestimmte F\u00e4lle oder generell ausschlie\u00dfen sowie das automatische L\u00f6schen der Cookies beim Schlie\u00dfen des Browser aktivieren. Bei der Deaktivierung von Cookies ist die Registrierung f\u00fcr den Mitgliederbereich der IG-BCE-Webseite und dessen Nutzung dann allerdings nicht m\u00f6glich.<br><br>6. Wie wertet die IG BCE die Nutzung ihrer Internet-Seite aus?<br><br>Auf der IG-BCE-Webseite werden aktiv keine Daten zu Optimierungszwecken gesammelt und gespeichert. Von unserem Provider k\u00f6nnen aber Cookies eingesetzt werden. Bei Cookies handelt es sich um kleine Textdateien, die lokal im Zwischenspeicher des Internetbrowsers des Seitenbesuchers gespeichert werden. Die Cookies erm\u00f6glichen die Wiedererkennung des Internetbrowsers. Die mit Cookies erhobenen Daten werden ohne die gesondert erteilte Zustimmung des Betroffenen nicht dazu benutzt, den Besucher dieser Website pers\u00f6nlich zu identifizieren.<br>Der Datenerhebung und -speicherung kann jederzeit mit Wirkung f\u00fcr die Zukunft widersprochen werden.<br><br>7.1. Urheberrecht<br><br>Die durch die Seitenbetreiber erstellten Inhalte und Werke auf diesen Seiten unterliegen dem deutschen Urheberrecht. Die Vervielf\u00e4ltigung, Bearbeitung, Verbreitung und jede Art der Verwertung au\u00dferhalb der Grenzen des Urheberrechtes bed\u00fcrfen der schriftlichen Zustimmung des jeweiligen Autors bzw. Erstellers. Downloads und Kopien dieser Seite sind nur f\u00fcr den privaten, nicht kommerziellen Gebrauch gestattet. Soweit die Inhalte auf dieser Seite nicht vom Betreiber erstellt wurden, werden die Urheberrechte Dritter beachtet. Insbesondere werden Inhalte Dritter als solche gekennzeichnet. Sollten Sie trotzdem auf eine Urheberrechtsverletzung aufmerksam werden, bitten wir um einen entsprechenden Hinweis. Bei Bekanntwerden von Rechtsverletzungen werden wir derartige Inhalte umgehend entfernen.<br><br>7. 2. Haftung f\u00fcr Inhalte<br><br>Als Diensteanbieter sind wir gem\u00e4\u00df \u00a7 7 Abs.1 TMG f\u00fcr eigene Inhalte auf diesen Seiten nach den allgemeinen Gesetzen verantwortlich. Nach \u00a7\u00a7 8 bis 10 TMG sind wir als Diensteanbieter jedoch nicht verpflichtet, \u00fcbermittelte oder gespeicherte fremde Informationen zu \u00fcberwachen oder nach Umst\u00e4nden zu forschen, die auf eine rechtswidrige T\u00e4tigkeit hinweisen. Verpflichtungen zur Entfernung oder Sperrung der Nutzung von Informationen nach den allgemeinen Gesetzen bleiben hiervon unber\u00fchrt. Eine diesbez\u00fcgliche Haftung ist jedoch erst ab dem Zeitpunkt der Kenntnis einer konkreten Rechtsverletzung m\u00f6glich. Bei Bekanntwerden von entsprechenden Rechtsverletzungen werden wir diese Inhalte umgehend entfernen.<br><br>(Verfasst unter Nutzung von eRecht24)<br><\/p>\n","protected":false},"excerpt":{"rendered":"<p>f\u00fcr die Webseite unter www.igbce-dorsten-holsterhausen.de bzw. www.igbce-dorsten.de der IGBCE Ortsgruppe Dorsten, G\u00fcnter Pelloth, 46282 Dorsten H\u00e4ndelstr. 10-\u00a0nachfolgend als IG BCE bezeichnet.F\u00fcr die IG BCE ist ein sorgf\u00e4ltiger Umgang mit den [&hellip;]<\/p>\n","protected":false},"author":1,"featured_media":0,"parent":0,"menu_order":0,"comment_status":"closed","ping_status":"closed","template":"","meta":{"footnotes":""},"class_list":["post-10","page","type-page","status-publish","hentry"],"_links":{"self":[{"href":"https:\/\/igbce-dorsten-online.de\/index.php?rest_route=\/wp\/v2\/pages\/10","targetHints":{"allow":["GET"]}}],"collection":[{"href":"https:\/\/igbce-dorsten-online.de\/index.php?rest_route=\/wp\/v2\/pages"}],"about":[{"href":"https:\/\/igbce-dorsten-online.de\/index.php?rest_route=\/wp\/v2\/types\/page"}],"author":[{"embeddable":true,"href":"https:\/\/igbce-dorsten-online.de\/index.php?rest_route=\/wp\/v2\/users\/1"}],"replies":[{"embeddable":true,"href":"https:\/\/igbce-dorsten-online.de\/index.php?rest_route=%2Fwp%2Fv2%2Fcomments&post=10"}],"version-history":[{"count":3,"href":"https:\/\/igbce-dorsten-online.de\/index.php?rest_route=\/wp\/v2\/pages\/10\/revisions"}],"predecessor-version":[{"id":43,"href":"https:\/\/igbce-dorsten-online.de\/index.php?rest_route=\/wp\/v2\/pages\/10\/revisions\/43"}],"wp:attachment":[{"href":"https:\/\/igbce-dorsten-online.de\/index.php?rest_route=%2Fwp%2Fv2%2Fmedia&parent=10"}],"curies":[{"name":"wp","href":"https:\/\/api.w.org\/{rel}","templated":true}]}}